 tens digit of 38563?
6
What is the thousands digit of 1933?
1
What is the units digit of 812?
2
What is the thousands digit of 45225?
5
What is the tens digit of 3216?
1
What is the hundreds digit of 9798?
7
What is the units digit of 61?
1
What is the units digit of 120327?
7
What is the hundreds digit of 533?
5
What is the hundreds digit of 720?
7
What is the thousands digit of 1421?
1
What is the hundreds digit of 15056?
0
What is the units digit of 122159?
9
What is the units digit of 1565?
5
What is the units digit of 27219?
9
What is the units digit of 6986?
6
What is the tens digit of 82496?
9
What is the units digit of 1467?
7
What is the units digit of 853?
3
What is the hundreds digit of 152734?
7
What is the thousands digit of 1881?
1
What is the tens digit of 9773?
7
What is the tens digit of 9301?
0
What is the units digit of 124507?
7
What is the tens digit of 39448?
4
What is the tens digit of 1317?
1
What is the units digit of 808?
8
What is the tens digit of 7836?
3
What is the ten thousands digit of 15123?
1
What is the ten thousands digit of 127109?
2
What is the hundreds digit of 4728?
7
What is the tens digit of 2864?
6
What is the thousands digit of 13467?
3
What is the hundreds digit of 1301?
3
What is the units digit of 97639?
9
What is the tens digit of 9685?
8
What is the tens digit of 17481?
8
What is the units digit of 3797?
7
What is the ten thousands digit of 57234?
5
What is the tens digit of 91922?
2
What is the thousands digit of 137357?
7
What is the units digit of 6243?
3
What is the hundreds digit of 5049?
0
What is the thousands digit of 74302?
4
What is the thousands digit of 2367?
2
What is the thousands digit of 1142?
1
What is the thousands digit of 2169?
2
What is the units digit of 76273?
3
What is the tens digit of 511?
1
What is the units digit of 397?
7
What is the hundreds digit of 8153?
1
What is the thousands digit of 5054?
5
What is the units digit of 1553?
3
What is the thousands digit of 12517?
2
What is the tens digit of 1714?
1
What is the hundreds digit of 179?
1
What is the thousands digit of 6988?
6
What is the tens digit of 165?
6
What is the units digit of 2956?
6
What is the units digit of 21962?
2
What is the ten thousands digit of 14401?
1
What is the thousands digit of 2570?
2
What is the units digit of 66?
6
What is the tens digit of 17792?
9
What is the hundreds digit of 11195?
1
What is the hundreds digit of 35592?
5
What is the thousands digit of 111478?
1
What is the units digit of 32?
2
What is the hundreds digit of 10734?
7
What is the hundreds digit of 25970?
9
What is the hundreds digit of 6249?
2
What is the tens digit of 29187?
8
What is the tens digit of 600?
0
What is the tens digit of 2257?
5
What is the thousands digit of 1432?
1
What is the tens digit of 129032?
3
What is the tens digit of 25335?
3
What is the tens digit of 3049?
4
What is the hundreds digit of 518?
5
What is the tens digit of 6318?
1
What is the ten thousands digit of 17332?
1
What is the thousands digit of 1985?
1
What is the units digit of 43899?
9
What is the units digit of 899?
9
What is the ten thousands digit of 172270?
7
What is the hundreds digit of 17561?
5
What is the hundreds digit of 1353?
3
What is the tens digit of 3171?
7
What is the hundreds digit of 1127?
1
What is the ten thousands digit of 16443?
1
What is the units digit of 371?
1
What is the hundreds digit of 3575?
5
What is the tens digit of 162?
6
What is the units digit of 218?
8
What is the hundreds digit of 2754?
7
What is the tens digit of 758?
5
What is the hundreds digit of 616?
6
What is the tens digit of 1061?
6
What is the units digit of 1399?
9
What is the units digit of 1067?
7
What is the ten thousands digit of 185753?
8
What is the ten thousands digit of 15449?
1
What is the hundreds digit of 341?
3
What is the ten thousands digit of 34211?
3
What is the tens digit of 152?
5
What is the units digit of 5069?
9
What is the hundreds digit of 50733?
7
What is the units digit of 41009?
9
What is the tens digit of 41?
4
What is the ten thousands digit of 30054?
3
What is the tens digit of 2135?
3
What is the tens digit of 938?
3
What is the hundreds digit of 13116?
1
What is the thousands digit of 6066?
6
What is the hundreds digit of 58413?
4
What is the thousands digit of 59834?
9
What is the hundreds digit of 16349?
3
What is the ten thousands digit of 18761?
1
What is the tens digit of 21522?
2
What is the units digit of 1272?
2
What is the tens digit of 52670?
7
What is the hundreds digit of 11970?
9
What is the thousands digit of 48734?
8
What is the tens digit of 148871?
7
What is the units digit of 815?
5
What is the tens digit of 2147?
4
What is the ten thousands digit of 11854?
1
What is the units digit of 1873?
3
What is the units digit of 16491?
1
What is the hundreds digit of 13494?
4
What is the ten thousands digit of 24197?
2
What is the units digit of 2920?
0
What is the hundreds digit of 939?
9
What is the units digit of 14680?
0
What is the tens digit of 1823?
2
What is the hundreds digit of 80492?
4
What is the thousands digit of 75949?
5
What is the thousands digit of 2577?
2
What is the hundreds digit of 17475?
4
What is the hundreds digit of 1686?
6
What is the tens digit of 1850?
5
What is the thousands digit of 93882?
3
What is the units digit of 847?
7
What is the units digit of 17765?
5
What is the units digit of 432?
2
What is the hundreds digit of 2790?
7
What is the hundreds digit of 8435?
4
What is the tens digit of 929?
2
What is the units digit of 555?
5
What is the units digit of 6068?
8
What is the thousands digit of 8631?
8
What is the units digit of 396?
6
What is the tens digit of 10324?
2
What is the units digit of 27270?
0
What is the ten thousands digit of 40705?
4
What is the units digit of 196261?
1
What is the thousands digit of 8892?
8
What is the units digit of 1150?
0
What is the thousands digit of 8724?
8
What is the units digit of 11845?
5
What is the hundreds digit of 1048?
0
What is the units digit of 2782?
2
What is the units digit of 135720?
0
What is the tens digit of 202?
0
What is the hundreds digit of 957?
9
What is the hundreds digit of 832?
8
What is the hundreds digit of 4964?
9
What is the thousands digit of 5575?
5
What is the units digit of 3587?
7
What is the tens digit of 24612?
1
What is the tens digit of 65368?
6
What is the tens digit of 56564?
6
What is the tens digit of 248?
4
What is the thousands digit of 7053?
7
What is the thousands digit of 2443?
2
What is the tens digit of 261?
6
What is the tens digit of 6638?
3
What is the units digit of 1046?
6
What is the tens digit of 13566?
6
What is the thousands digit of 4996?
4
What is the ten thousands digit of 10967?
1
What is the units digit of 978?
8
What is the hundreds digit of 143472?
4
What is the units digit of 1538?
8
What is the units digit of 15810?
0
What is the units digit of 44938?
8
What is the tens digit of 4571?
7
What is the thousands digit of 2285?
2
What is the tens digit of 7862?
6
What is the thousands digit of 18606?
8
What is the units digit of 32638?
8
What is the tens digit of 817?
1
What is the tens digit of 3726?
2
What is the thousands digit of 5491?
5
What is the hundreds digit of 6361?
3
What is the units digit of 3779?
9
What is the tens digit of 32486?
8
What is the tens digit of 98013?
1
What is the hundreds digit of 926?
9
What is the hundreds digit of 134782?
7
What is the units digit of 65945?
5
What is the units digit of 16661?
1
What is the thousands digit of 70491?
0
What is the tens digit of 796?
9
What is the ten thousands digit of 22110?
2
What is the thousands digit of 49486?
9
What is the hundreds digit of 194?
1
What is the thousands digit of 1552?
1
What is the hundreds digit of 401?
4
What is the thousands digit of 2131?
2
What is the units digit of 24260?
0
What is the units digit of 9154?
4
What is the thousands digit of 4503?
4
What is the thousands digit of 4600?
4
What is the tens digit of 933?
3
What is the units digit of 33296?
6
What is the ten thousands digit of 142907?
4
What is the units digit of 600?
0
What is the thousands digit of 1397?
1
What is the tens digit of 9863?
6
What is the tens digit of 1592?
9
What is the thousands digit of